43 = -p, -3*p + 4*b - 19 = 15. Let j = -26 - p. Let q = 9 + j. Let c(x) = -6*x**2 + 2*x - 1. What is c(q)?
-5
Let a be 2 + 0 + -2*(0 - 2). Let n(b) = -2*b + 2. Give n(a).
-10
Let t(g) = -4*g**3 - 9 - 7*g**2 + g + 0*g - g**3 - 5*g. Let k(q) = -9*q**3 - 14*q**2 - 9*q - 17. Let a(o) = 4*k(o) - 7*t(o). Calculate a(-6).
7
Let s = 3 + 5. Let f(t) = t**2 - 9*t + 10. Give f(s).
2
Suppose 0 = -3*m - 2*h - 7, -2*m - 5*h + 1 = 2. Let t = m + 2. Let v(r) be the third derivative of -r**6/60 + r**5/30 - r**3/6 - 10*r**2. Give v(t).
3
Let t(d) = 3*d**2 + 3*d - 9. Let j(f) = -13*f**2 - 11*f + 37. Let a(i) = 2*j(i) + 9*t(i). Give a(-6).
-1
Suppose -3*c + 5*r + 5 = 2*c, -3*c - 37 = 5*r. Let n = 3 - 0. Let o(d) = -2*d + 0 + n*d + 1. What is o(c)?
-3
Let t be 4 - 2/(-3 - -1). Let n(q) = -t + 4 - 2*q + 0*q - 3*q**2 - 4*q**2. Determine n(-1).
-6
Let z(j) = j**2 + 8*j. Let m(r) = r + 1. Let y(i) = -2*m(i) + z(i). Calculate y(-7).
5
Suppose 4*x + 3*f = -0*f + 1, -2 = -5*x - 3*f. Let q(m) = -10*m**3 + 1. Determine q(x).
-9
Suppose 0 = -o - 4 + 2. Let j(n) = 2*n**2 - n + 3. Let y(r) = -r**2 - 2. Let t(u) = 2*j(u) + 3*y(u). Give t(o).
8
Suppose -2*x = -3*l + 7, 5*l - x - 2 - 5 = 0. Let b be (((-8)/2)/l)/(-2). Let w(p) = -3*p - 7 + 3*p + b*p. Give w(5).
3
Suppose -4*t + 27 = 3. Let x(h) be the third derivative of -h**5/60 + 7*h**4/24 - 4*h**3/3 + 19*h**2. What is x(t)?
-2
Let i(c) = 6*c. Let d(p) = -p + 1. Let n(k) = 5*d(k) + i(k). Calculate n(4).
9
Let d(l) be the first derivative of l**3/3 + l**2 - 4*l - 3. Suppose 3*u + 0*u = 6. Let y = -1 - u. What is d(y)?
-1
Let y(o) be the second derivative of 2*o**3/3 + 7*o. Give y(2).
8
Let q(s) = s**2 - 2*s + 2. Let p be 6/(-9)*(-11 - -2). Suppose -4*u + 0*j + 8 = 2*j, 0 = 4*u + 3*j - p. Calculate q(u).
5
Let p(b) = -9*b**2 + b + 15. Let j(c) = -4*c**2 + c + 7. Let u(a) = -7*j(a) + 3*p(a). Calculate u(4).
-4
Let p(q) = -5*q + 9. Let l(x) = 3*x - 5. Let h(n) = -11*l(n) - 6*p(n). Calculate h(6).
-17
Let f(j) = -j**2 + j**2 - j**2 - 7*j - 6. Let p(g) = -g**2 + 3*g + 3. Let s be p(3). Let i = -1 - s. Give f(i).
6
Let r(p) = -p**3 + 9*p**2 - 9*p + 6. Suppose 0 = 4*o - 4*n - 24, -2*o + 15 + 5 = 2*n. Let k be r(o). Let t(h) = -2*h**2 + 2. Calculate t(k).
-6
Let w(z) = 3*z**2 - 2. Let r be (20/(-70) + 0)/(1/7). Calculate w(r).
10
Let r = 11 - 8. Suppose 3*g - 2*z = -0*g + r, 5*g + z + 8 = 0. Let y(t) = 2*t**2 + t + 1. Calculate y(g).
2
Let c be 14/(-77) + 4/22. Let n(m) = -m**2 - m + 9. Give n(c).
9
Let l(a) be the second derivative of -11*a**4/12 + a**2/2 - 30*a + 2. Determine l(-1).
-10
Let o(n) = 4*n - 1. Let k be (-5 - (-1 - 2)) + 12. Suppose 0 = c + 2*c + 4*z + 6, -5*c - k = -5*z. Determine o(c).
-9
Let k(f) = -f**3 - 2*f**2 + 3*f + 4. Let h(c) = -8*c + 53. Let s be h(7). What is k(s)?
4
Suppose 3*y - 8*y = -2*w - 21, 2*w = y - 1. Suppose -4 - 1 = -y*b. Let a(q) = 5*q - 5. Let s(x) = -6*x + 4. Let l(t) = 3*a(t) + 4*s(t). Give l(b).
-8
Let d(f) = 12*f + 3. Let l(b) = -b - 1. Let c(o) = d(o) + 2*l(o). Let j = 11 + -18. Let u(g) = -5*g - 1. Let z(v) = j*u(v) - 4*c(v). What is z(2)?
-7
Suppose -5*m + 166 = 31. Suppose u = 4*t - m + 2, -4*t = u - 15. Let s(c) = -2*c - 4. Calculate s(u).
6
Let f(u) = -2*u**3 + 5*u**2 - 8*u - 8. Let h(b) = b**3 - 2*b**2 + 3*b + 3. Let x = -18 - -15. Let s(y) = x*f(y) - 8*h(y). Give s(-1).
3
Let u(c) = c - 5. Let o be u(0). Let k = o - 0. Let q(w) be the third derivative of w**5/60 + w**4/6 - w**3 - 2*w**2. Calculate q(k).
-1
Let g(x) be the second derivative of 2*x**4/3 - x**3/6 + x**2/2 - x. Suppose 25*o - 5*c = 23*o + 7, 3*o = -3*c. Calculate g(o).
8
Let k(a) = 2*a - 1. Suppose 3 = 3*f - 12. Let b(n) = f + 0 + n - 4. Let i be b(1). Give k(i).
3
Suppose -x = -3*j - 5, 0*x = 2*j + 5*x + 26. Let p(u) = -u + 4. Calculate p(j).
7
Let u be ((-4)/10)/((-5)/50). Let y = u - 0. Suppose 0*g - y*g = 0. Let o(v) = v - 9. Calculate o(g).
-9
Let g be 2 - (-2)/(8/20). Let o(m) = m**2 - 7*m + 3. Determine o(g).
3
Let f(z) = -z - 4. Let j be f(-7). Let k(p) = 5*p + j*p - 5 + 5*p**2 - 6*p**2. Give k(7).
2
Let v(n) be the first derivative of -n**2/2 - 6*n + 26. Give v(0).
-6
Let g = 39 - 23. Let v(f) = f + 5. Let k be v(6). Let r = k - g. Let w(l) = l**3 + 6*l**2 + 8*l + 7. Give w(r).
-8
Let l(j) = 11*j - 12*j - 2*j**3 + j**3 - 3 + 6*j - 4*j**2. Calculate l(-5).
-3
Let y(d) be the first derivative of 1/3*d**3 + d - 5/2*d**2 - 2. What is y(4)?
-3
Let z be 1/(4 + -3)*-4. Let a = 6 + z. Let g(x) = 4*x**2 - 3*x**2 - 2 - a. Determine g(-3).
5
Suppose 0 = 4*x - 6*x - 4. Let s(h) = -h - 1. Let p(j) = 2*j + 3. Let y(q) = x*p(q) - 5*s(q). Determine y(3).
2
Suppose 0 = -0*x + x - 6. Let s(b) = -b + 8. Give s(x).
2
Suppose -o = -1 - 1. Suppose 3*q - 4 = o. Let m(c) = -2 + c**3 + 4*c - 3 + 9 + 3*c**q. Give m(-3).
-8
Let p(r) = r**3 - 2*r**2 - 4*r + 3. Let u(c) = 2*c**3 - 3*c**2. Let d be u(2). Let a(k) = -k**3 + 7*k**2 - 5*k - 8. Let i be a(6). Let f = d + i. What is p(f)?
-5
Let f(s) be the first derivative of 2 - 2*s**2 - 2*s**2 + 2*s**2. Give f(-1).
4
Suppose -27 = 3*a + 6*a. Suppose 0 = -i + 3*i - 10. Let z(m) = -m - m + i*m. Calculate z(a).
-9
Let w(q) = -q**2 + 7*q - 2. Suppose -20 + 40 = 4*g. Calculate w(g).
8
Let v = 0 + 0. Let h(a) = -3*a**3 + a**2 - 3*a + 6. Let b(u) = -u**3 + u**2 - u + 1. Let f(o) = -2*b(o) + h(o). Calculate f(v).
4
Let j(z) = -5*z - 3. Suppose -2*f = 40 - 20. Let c = -8 - -16. Let x = c + f. What is j(x)?
7
Let o(w) be the first derivative of 3*w**2 - 2 + 1/3*w**3 - 5*w. Determine o(-6).
-5
Let k(y) = -5*y. Let f(l) = -14*l + 1. Let a(d) = -6*f(d) + 17*k(d). Give a(0).
-6
Let h(a) be the third derivative of 1/3*a**3 - 1/30*a**5 + 0*a + 0 + a**2 + 0*a**4. Determine h(2).
-6
Let s = 11 - 6. Let f(i) = -2*i**2 - s*i - i + 5*i + 0*i**2. Determine f(-1).
-1
Let h(t) = t**3 - t**2 + 12*t + 3. Let y(k) = -k**3 - 14*k - 4. Let x(d) = -5*h(d) - 4*y(d). Suppose -7*z + 45 = -2*z. Let j = 13 - z. Calculate x(j).
1
Let o(w) = -w**3 + 2*w**2 + 3*w - 2. Suppose 2*p - 6 + 4 = 0. Let g be -15 - -8 - p/(-1). Let j be (1 - 0)/((-3)/g). Calculate o(j).
4
Let q be 8 + -1 + -7 + 3. Let s(v) be the second derivative of -3*v + v**2 - 2/3*v**q + 1/6*v**4 - 1/20*v**5 + 0. Give s(2).
-6
Let a(w) = -2*w**3 + 3*w**3 + 6*w + 6*w**2 + 0*w**2 + 4 - 2*w**3. What is a(7)?
-3
Let l(v) be the second derivative of 1/2*v**2 + 0 + 5/6*v**3 - 3*v. Calculate l(2).
11
Suppose -5*t + y - 10 = 3*y, -y = -3*t + 5. Let n(b) = b**3 - 3*b**2 + 6 + b + t - 6*b + 0. Give n(4).
2
Let a(h) be the second derivative of 5*h**3/6 + h**2/2 + 3*h + 6. Calculate a(2).
11
Let v(i) = 8*i**3 - i**2 - 2*i - 1. Let g(n) be the first derivative of 1 - 1/2*n**2 + n. Let j be g(2). Calculate v(j).
-8
Let t(x) be the second derivative of 0 - 7/2*x**2 - x - 2/3*x**3 + 1/12*x**4. Calculate t(5).
-2
Let o(i) = 6*i**3 + 3*i**2 - 7*i - 7. Let y(h) = -h**3 + h + 1. Let r(m) = -o(m) - 5*y(m). Let z = -8 + 5. What is r(z)?
-4
Let w(z) = -z**3. Let b(f) = 4*f**3 - 6*f**2 + 5*f - 2. Let a(o) = -b(o) - 3*w(o). Let x(g) = g - 1. Let p be x(6). Calculate a(p).
2
Let q(i) be the first derivative of -1/4*i**4 + 2*i**3 + 1/2*i**2 - 7 + 7*i. Determine q(6).
13
Let a(z) = 2*z**3 - z**2 + 8*z + 11. Let m(s) = -3*s**3 - 9*s - 14. Let r(p) = -4*a(p) - 3*m(p). Suppose 0 = -4*u + 3*u - 5. Give r(u).
-2
Let y(x) = -x**2 + 13*x - 14. Let i be y(11). Let u(n) = 199*n + i*n**3 - 199*n - 1. Calculate u(-1).
-9
Let s(g) = 2*g**3 + 14*g**2 - 16*g + 9. Let t(q) = -q**3 - 7*q**2 + 8*q - 5. Let h(k) = 3*s(k) + 7*t(k). What is h(-8)?
-8
Let x(f) = -3*f**3 - f**2 - f + 1. Let g(i) be the second derivative of i**3/6 + i**2/2 - 2*i. Let k be g(0). What is x(k)?
-4
Let s = -3 - -3. Suppose 3*c - 3 = -s. Let t(o) = 2*o + 6 - c + 1. Determine t(-5).
-4
Let s(a) = -a + 1 - 6*a + 6*a - 6*a**2. Calculate s(1).
-6
Let o = 17 + -12. Let j = o - 6. Let b(r) = 7*r**2 + 1. Let n(u) = -7*u**2 - 1. Let y(c) = 3*b(c) + 4*n(c). Calculate y(j).
-8
Let g(u) = -4*u - 2*u - 3 + 5*u - 2. What is g(0)?
-5
Let n = 15 - 22. Let q(c) = c + 8. Determine q(n).
1
Let w(c) be the first derivative of c**4/4 - 7*c**3/3 + c**2/2 + 5*c - 4. Calculate w(7).
12
Suppose 5*k + 2*x + 14 = 0, -x - 12 = k + 4*k. Let n = k + 1. Let q(j) = -10*j + 1. Give q(n).
11
Let z(k) = -19*k**3 - 2 + 2*k**2 - k + 6*k + 18*k**3. What is z(3)?
4
Let i(o)